*3 - q. Give p(1).
-7
Let k(r) = 16*r**2 + 2*r - 10. Give k(2).
58
Let q(l) = -l**2 - 4*l - 2. What is q(-1)?
1
Let k(l) = -2*l - 73. Determine k(-14).
-45
Let h(p) = 4*p + 31. What is h(-7)?
3
Let g(r) = 2*r - 75. Determine g(43).
11
Let f(p) = -6*p**2 - 8*p - 3. What is f(4)?
-131
Let f(w) = 86*w + 349. Give f(-4).
5
Let v(f) = -f**2 + 38*f + 1315. Determine v(-22).
-5
Let o(l) = -l**2 + 13*l - 6. What is o(13)?
-6
Let t(p) = -p**3 + p - 2. What is t(1)?
-2
Let f(q) = -q**3 - 15*q**2 + 16*q + 7. Determine f(-16).
7
Let y(h) = 7*h**2 + 3*h - 3. Determine y(1).
7
Let b(i) = i**3 - 9*i**2 - 27*i - 12. Calculate b(12).
96
Let f(k) = -2*k**2 - 15*k + 1. Calculate f(-4).
29
Let t(o) = -o**2 - 21*o - 91. What is t(-7)?
7
Let p(v) = -v + 20. What is p(15)?
5
Let f(n) = 4*n + 22. Determine f(-13).
-30
Let l(y) = -2*y**3 - 11*y**2 - 7*y - 12. Give l(-5).
-2
Let t(n) = n - 13. Determine t(-24).
-37
Let o(l) = -2*l**3 + 12*l**2 - 11*l - 1. Determine o(5).
-6
Let m(p) = p**2 + 3*p - 13. Determine m(-6).
5
Let g(b) = 8*b + 215. Determine g(-26).
7
Let v(s) = -s**3 + 5*s**2 + 2*s - 4. Give v(5).
6
Let j(i) = -5*i - 150. Determine j(-31).
5
Let i(y) = 9*y**3 + y**2 + 4*y + 4. What is i(-1)?
-8
Let d(g) = 3*g. What is d(1)?
3
Let h(v) = v - 31. Determine h(9).
-22
Let i(b) = -b**3 - b**2 - b - 7. What is i(0)?
-7
Let p(n) = -n**2 + 22*n - 105. Give p(19).
-48
Let i(l) = l**3 + 8*l**2 - l - 7. Give i(-8).
1
Let n(g) = -3*g**2 + 22*g + 9. Determine n(6).
33
Let l(z) = -z**3 - 8*z**2 - 4*z - 9. Calculate l(-8).
23
Let p(n) = -18*n - 96. Determine p(-5).
-6
Let k(r) = r - 2. Calculate k(6).
4
Let m(j) = j**3 - 29*j**2 + 29*j + 6. What is m(28)?
34
Let v(l) = 2*l + 69. Determine v(-32).
5
Let m(y) = -y**3 + 8*y**2 + 6*y - 8. Give m(10).
-148
Let x(l) = 6*l + 3. Calculate x(-5).
-27
Let d(g) = 26*g - 127. Calculate d(5).
3
Let g(c) = -c**2 - 17*c - 11. What is g(-17)?
-11
Let x(t) = t**2 + 19*t - 23. Calculate x(-20).
-3
Let y(q) = -q**3 + 9*q**2 - 23*q + 6. Determine y(8).
-114
Let p(b) = -b**2 + 5*b + 2. What is p(3)?
8
Let c(z) = -10*z. Give c(-1).
10
Let w(k) = -k**3 + 4*k**2 + 2*k - 5. Give w(4).
3
Let l(y) = -14*y + 60. Give l(5).
-10
Let w(k) = k**2 + 3*k - 3. What is w(-5)?
7
Let g(z) = -48*z**3 + z**2 + z - 2. What is g(1)?
-48
Let o(f) = f**3 + 10*f**2 - 9*f + 16. Determine o(-11).
-6
Let w(z) = 17*z**3 - z - 2. Give w(-1).
-18
Let j(r) = r**3 + 5*r**2 + 5*r + 3. What is j(-4)?
-1
Let w(m) = -5*m**3 - 34*m**2 + 8*m - 7. What is w(-7)?
-14
Let k(r) = -6*r - 55. Calculate k(-9).
-1
Let q(u) = -20*u**2 - 401*u - 15. Calculate q(-20).
5
Let q(w) = -4*w + 46. What is q(11)?
2
Let z(y) = 2*y**3 + 33*y**2 - 18*y - 9. Give z(-17).
8
Let y(x) = -5*x. Calculate y(-1).
5
Let g(b) = -5*b**2 - 29*b - 5. Calculate g(-4).
31
Let r(v) = v**2 - 37*v - 309. Give r(44).
-1
Let n(y) = 3*y**3 + 4*y**2 + 5*y - 3. Determine n(-3).
-63
Let z(u) = -7*u**3 - 2*u**2 - 2*u + 1. Determine z(-2).
53
Let p(h) = -6*h**3 - h**2 - 2*h + 2. Determine p(1).
-7
Let h(f) = -f - 83. Give h(-22).
-61
Let g(v) = v**3 - 6*v**2 - 10*v - 8. What is g(9)?
145
Let x(j) = 3*j**2 + 4*j + 4. Calculate x(-3).
19
Let a(n) = -n**2 + 2*n + 1. What is a(5)?
-14
Let c(j) = 2*j**2 + 54*j + 215. Calculate c(-22).
-5
Let u(y) = -y**3 - 4*y**2 + 4*y. Calculate u(3).
-51
Let g(j) = j**3 + 9*j**2 + 9*j + 6. Determine g(-7).
41
Let u(c) = 2*c + 4. Determine u(-7).
-10
Let b(t) = -11*t. Give b(1).
-11
Let x(o) = -5*o - 12. What is x(5)?
-37
Let v(y) = -y**3 - 3*y**2 - 2. Give v(-2).
-6
Let o(p) = -3*p**3 + 13*p**2 - 6*p + 6. What is o(4)?
-2
Let o(x) = x**2 - 10*x - 4. Determine o(7).
-25
Let b(n) = -3*n**3 + 2*n**2 + 5. Calculate b(2).
-11
Let h(a) = 7*a**2 - 37*a + 4. Calculate h(5).
-6
Let o(x) = 4*x + 4. What is o(6)?
28
Let a(o) = -o**3 + 7*o**2 - 6*o + 4. Calculate a(6).
4
Let b(g) = g**3 + 8*g**2 + 5*g - 4. Calculate b(-7).
10
Let k(q) = -q**3 + 13*q**2 - 12*q - 4. What is k(12)?
-4
Let l(h) = -h**2 - 26*h + 224. Calculate l(7).
-7
Let d(p) = p**3 - 15*p**2 + 10*p + 41. Determine d(14).
-15
Let c(g) = 7*g + 18. Determine c(-3).
-3
Let y(b) = b**2 + 9*b - 9. What is y(-7)?
-23
Let t(l) = -l**3 + 11*l**2 - 5*l + 11. Give t(10).
61
Let m(h) = -h**2 + 2*h - 3. Give m(1).
-2
Let g(i) = i**3 - 7*i**2 + 22*i - 109. Calculate g(6).
-13
Let b(s) = s**2 + 13*s + 15. Give b(-9).
-21
Let w(h) = -h + 6. Give w(13).
-7
Let y(a) = 8*a**2 - 83*a + 8. Give y(10).
-22
Let l(z) = -12*z - 2. Determine l(-1).
10
Let w(z) = z**2 - 12*z - 2. Determine w(12).
-2
Let i(w) = -w**2 - 34*w + 117. What is i(-37)?
6
Let o(t) = 6*t**2 - 3. Determine o(2).
21
Let y(s) = -s - 19. Calculate y(-6).
-13
Let l(a) = -2*a + 9. Calculate l(-6).
21
Let s(y) = -y**3 + 2*y + 3. Calculate s(3).
-18
Let q(s) = 4*s**2 + 5*s + 4. What is q(-3)?
25
Let a(o) = -4*o - 12. Give a(-4).
4
Let q(b) = -b**3 - 5*b**2 + 6*b - 4. Determine q(-6).
-4
Let u(g) = g**2 - 10*g - 29. What is u(-4)?
27
Let u(m) = m**3 + 14*m**2 - 12*m - 18. Give u(-15).
-63
Let y(h) = h**3 + 6*h**2 + 5*h + 5. Determine y(-5).
5
Let y(t) = 2*t**2 + 13*t + 17. Give y(-6).
11
Let s(x) = -2*x - 14. Calculate s(6).
-26
Let x(j) = -j**3 - 6*j**2 - j - 8. Determine x(-6).
-2
Let v(n) = n**2 + 18*n - 65. Give v(-22).
23
Let y(v) = v**2 - 8*v - 9. Calculate y(10).
11
Let i(q) = q + 6. What is i(12)?
18
Let x(l) = -l**2 + 5*l + 13. Determine x(7).
-1
Let t(g) = -g + 14. Give t(14).
0
Let z(y) = y**2 + 16*y - 13. Give z(-18).
23
Let z(k) = -86*k. Calculate z(1).
-86
Let w(y) = y**3 - 14*y**2 - 22*y + 36. Determine w(15).
-69
Let n(f) = 11*f + 2. Give n(-6).
-64
Let f(r) = -15*r**2 - 13*r + 15. Calculate f(1).
-13
Let r(p) = 2*p**2 - 87*p + 122. Calculate r(42).
-4
Let w(r) = -r**2 - 14*r - 38. What is w(-7)?
11
Let c(o) = o**3 + 13*o**2 - 14*o + 20. Give c(-14).
20
Let s(t) = t**3 - 24*t**2 - 25*t - 3. Determine s(25).
-3
Let s(h) = h**3 + 10*h**2 - 10*h - 33. Calculate s(-6).
171
Let o(w) = 7*w**2 + 7*w + 7. Calculate o(-2).
21
Let x(g) = g**2 - 18*g - 19. Give x(19).
0
Let u(z) = -z**3 - 14*z**2 + 121*z + 26. Calculate u(-20).
6
Let t(r) = -7*r**2 - r + 2. Give t(2).
-28
Let m(u) = u**3 + 4*u**2 - 3*u. Determine m(-4).
12
Let g(w) = w**2 + 8*w + 1. What is g(-8)?
1
Let a(h) = 2*h - 14. Determine a(9).
4
Let v(s) = -s**3 - 10*s**2 + s + 13. Give v(-10).
3
Let c(h) = h**3 + 32*h**2 - 37*h - 133. Calculate c(-33).
-1
Let x(k) = -k**2 + 7*k - 5. What is x(3)?
7
Let n(f) = f**3 - 17*f**2 + 15*f + 16. Give n(16).
0
Let x(h) = h**2 - 12*h + 2. Calculate x(12).
2
Let j(x) = -x**3 + 64*x**2 + x - 62. What is j(64)?
2
Let l(z) = -5*z. Give l(2).
-10
Let j(y) = -y**2 - y + 17. Determine j(4).
-3
Let d(m) = -19*m**3 - m**2 + m. Give d(1).
-19
Let g(i) = 70*i + 10. Determine g(1).
80
Let x(g) = -g**2 + 4*g - 10. Give x(5).
-15
Let v(o) = 2*o**3 - 2*o**2 - 4*o + 1. What is v(-2)?
-15
Let k(m) = 10*m + 1. Give k(1).
11
Let o(q) = -35*q + 1. Calculate o(-1).
36
Let p(z) = -z**3 - 2. What is p(-2)?
6
Let b(w) = 26*w + 681. Give b(-26).
5
Let b(h) = -h + 38. Calculate b(17).
21
Let c(q) = -q - 16. Give c(-9).
-7
Let s(j) = -j - 1. Determine s(-14).
13
Let l(i) = 12*i - 9. Calculate l(-1).
-21
Let c(u) = -u - 6. Calculate c(-10).
4
Let a(m) = 6*m**2 + 1. What is a(2)?
25
Let y(p) = -p**3 - 7*p**2 - 4*p + 5. Determine y(-6).
-7
Let s(q) = 2*q + 10. Give s(-7).
-4
Let x(s) = -s**3 - 5*s**2 + 6*s + 9. Give x(-6).
9
Let c(q) = -2*q - 62. Determine c(-27).
-8
Let r(i) = i**3 - i**2 + 3*i + 3. Determine r(-2).
-15
Let g(z) = z**3 + 17*z**2 + z + 10. What is g(-17)?
-7
Let n(b) = -b**3 - 20*b**2 + 20*b - 35. Give n(-21).
-14
Let l(d) = d**2 - 14*d + 32. Calculate l(15).
47
Let b(m) = -m**3 + m**2 + 2*m - 28. Determine b(0).
-28
Let x(j) = j**3 - 32*j**2 + 29*j + 63. Determine x(31).
1
Let g(z) = -2*z**3 - 3*z**2 + 5*z + 3. What is g(-3)?
15
Let x(y) = -y**2 + y - 27. Determine x(0).
-27
Let r(q) = -q**2 - 9*q + 10. Give r(-11).
-12
Let l(o) = 2*o + 4. What is l(-3)?
-2
Let j(l) = -l**2 + 6*l - 1. Determine j(7).
-8
Let c(s) = -6*s**2 + 3*s - 2. Calculate c(1).
-5
Let k(v) = -v**3 + 8*v**2 - 5*v + 6. Determine k(6).
48
Let w(o) = -o**2 - 5*o - 8. What is w(0)?
-8
Let j(s) = -3*s**2 + 13*s - 4. What is j(9)?
-130
Let o(w) = -11*w - 190. What is o(-15)?
-25
Let f(p) = -7*p + 39. Give f(9).
-24
Let o(n) = -n**2 + 8*n + 9. 